der when z(-1) is divided by (-57)/(-5) + 2/(-5).
8
Suppose 25 = o + 18. Let u = 0 - -20. Calculate the remainder when u is divided by o.
6
Let b(x) = -5*x**3 - x + 2. Let k be b(1). What is the remainder when (-1)/(k/(-816)*-2) is divided by 21?
18
Let p = -22 + 37. Calculate the remainder when 71 is divided by p.
11
Let o(s) = 9*s**2 + 51*s + 4. Calculate the remainder when 433 is divided by o(-6).
15
Let z(a) = -6*a - 2. Let y = 12500 - 12407. Calculate the remainder when y is divided by z(-3).
13
What is the remainder when 390 is divided by (20 - 0) + (-159)/53?
16
Let x(i) = 10*i + i**3 - 9*i + 12 + 4. Calculate the remainder when 46 is divided by x(0).
14
Let z(j) = 4*j**3 - 122*j**2 - 26*j + 97. What is the remainder when z(31) is divided by 64?
61
Suppose 4*q = 0, 6*h - 5*q - 10 = h. Let x = 14 - h. Calculate the remainder when 47 is divided by x.
11
Suppose -723 = -22*k + 19*k. What is the remainder when k is divided by 22?
21
Suppose -2*k + 5*c + 38 = 0, 3*c = -2*k + 3*k - 20. Calculate the remainder when 31 is divided by k.
3
Suppose -3*k + 35 = x, k - 5*x = 3*k - 32. Suppose 20 = 5*n, -556 = -5*p + 7*n - k*n. What is the remainder when p is divided by 38?
32
What is the remainder when 0 + 1 - (-11 - (-858)/(-11)) is divided by 7?
6
Suppose -6 = -2*x - x. Suppose z = 2*t + 4, x*z - 4*t - 8 = 3*z. Suppose z = -4*c + 50 + 122. Calculate the remainder when c is divided by 9.
7
Let z(v) = v**2 + 15*v - 69. Calculate the remainder when z(-20) is divided by 17.
14
Let g = 43 - 40. Let i be 4/6 - (-4)/(-6). Suppose 3*p + 2*s + 0*s = 26, i = g*p - 5*s - 61. What is the remainder when p is divided by 5?
2
What is the remainder when 141 is divided by 2/(6/89) - 34/51?
25
Let z = -15 - -39. What is the remainder when z is divided by (-4)/(-18)*-1 - (-94)/18?
4
Suppose -3*z + 47 = 2*a, -3*a = -4*z - z - 23. Let l = a + -2. What is the remainder when 22 is divided by l?
8
Let y = -10 - -14. Calculate the remainder when 53 is divided by (95/(-15) + y)*-6.
11
Let z = -404 + 579. Let v = z + -331. Let f = -108 - v. Calculate the remainder when f is divided by 17.
14
Let a = -523 - -528. What is the remainder when 6 is divided by a?
1
Suppose -4701 = 85*d - 24081. What is the remainder when d is divided by 11?
8
Let h(k) be the second derivative of -6*k**3 + k**2 - 2*k. Let v be h(-3). Suppose -7*o + 2*o + v = 0. What is the remainder when 85 is divided by o?
19
Let i be ((-3)/(-6))/((-4)/32). Let j be i + 4 + (-1)/1. Calculate the remainder when 3 is divided by (j - -4 - 1)*1.
1
Suppose 15*f - 14*f = 7. Let h(n) = -n**3 + 7*n**2 + 9*n + 5. What is the remainder when h(f) is divided by 35?
33
Let f = -77 + 138. Calculate the remainder when f is divided by -3 + 3 + 1 + -3 - -15.
9
Suppose -n = -g + 4*g - 2, 3*n + 2 = -g. Calculate the remainder when (1/1*-21)/(-1) is divided by -12*(-2)/2 + g.
8
Suppose -3*s + q + 90 = 0, -5*s + 0*s + 150 = -4*q. Suppose 0 = -n + 159 - s. What is the remainder when n is divided by 44?
41
Suppose 5*i + 132 = 3*f, -f + 4*i + 57 = 6. Suppose m = 3*m - 3*n - 28, 0 = 4*m - n - 36. Let x = 12 + m. What is the remainder when f is divided by x?
19
Let s be ((-6)/9)/(4/(-24)). Suppose 3*c + 2*w - 127 = w, s*c + w - 169 = 0. Let g = c - 27. What is the remainder when g is divided by 8?
7
Let v be 7/49 - (-932)/(-7). Let d = v + 183. What is the remainder when d is divided by 1/((1/(-13))/(-1))?
11
Let g = 65 + -9. Let b = g - 24. What is the remainder when 92 is divided by b?
28
Let g(t) = -t**2 + 7*t - 2. Let r be g(5). Suppose -r*k + 17*k = 63. Let w(u) = u**2 + 2*u. Calculate the remainder when k is divided by w(-3).
1
Let m(r) = 5*r**2 + 44*r - 5. What is the remainder when 36 is divided by m(-9)?
0
Calculate the remainder when ((0 - 3) + 267)*(0 - -1) is divided by 38.
36
Let n = -2265 + 2293. Calculate the remainder when 154 is divided by n.
14
Let u(g) = 2*g - 4*g + 2*g**2 + g. Let o = 72 + -69. What is the remainder when o is divided by u(-1)?
0
Let u = 3 - -1. Let o(f) = 10*f + 3. Let v(w) = 9*w + 3. Let s(g) = -5*o(g) + 6*v(g). Calculate the remainder when s(u) is divided by 10.
9
Calculate the remainder when -2*14/4*(-296)/28 is divided by 11.
8
Let l = -233 - -265. Calculate the remainder when 126 is divided by l.
30
Suppose 216*d + 1440 = 224*d. Calculate the remainder when d is divided by 81.
18
Let i(x) = x**3 - 17*x**2. Let v be i(17). Suppose 5*b - w - 131 = v, b + 5*w - 39 = 2*w. Let n = -77 - -130. Calculate the remainder when n is divided by b.
26
Let v = 395 + -234. Let l(h) = 2*h**2 - 43*h - 289. What is the remainder when v is divided by l(-6)?
38
Suppose -7 = -3*x + 5*u, -2*x - 4*u = -0*u + 32. Let i(d) = d**3 + 2*d + 6. What is the remainder when 3*(34/x)/(-1) is divided by i(0)?
5
Suppose 5*z = 5, 5*w + 3*z = 8*z + 175. Let v = -18 + w. Calculate the remainder when v is divided by 7.
4
Let y = 148 + -95. Suppose -5 + 0 = -n. Suppose -4*g + 120 = n*q + 24, -3*q + 62 = -2*g. What is the remainder when y is divided by q?
13
Suppose -4*h + 2*q + 538 = 0, h - 156 = -4*q - 17. Calculate the remainder when h is divided by 23.
20
Let f(s) = s**2 + 7. Suppose -2 + 4 = g. Calculate the remainder when f(6) is divided by (-3)/g*88/(-12).
10
Let a(n) = n + 22. Calculate the remainder when 88 is divided by a(-13).
7
Let a(k) = 4*k**2 - 5*k + 9. Suppose -3*b = g - 5, -1 - 19 = 5*g. Let c be a(b). Let s = c - 22. Calculate the remainder when 20 is divided by s.
4
Suppose -y = -6*y - 15. Suppose -j + 4 = -5. Calculate the remainder when -5*(j/y)/3 is divided by 2.
1
Let m be ((-36)/14)/((-3)/(-21)). Let c be -1*(m/2)/3. Calculate the remainder when 23 is divided by ((-7)/c - 2)*-3.
10
Let m = -25 + 41. Suppose -22*k + 23*k + 4*n = 37, -3*n + 6 = 0. What is the remainder when k is divided by m?
13
Suppose -7*n - 20 = -3*n, 5*k + 5*n = 210. Calculate the remainder when k is divided by (-21)/(-6)*(0 - 2*-1).
5
Let b(h) = h**2 + 4*h - 4. Let w(c) = -2*c**2 - 4*c + 1. Let g be w(-3). Let y be b(g). Calculate the remainder when y/2*2*11 is divided by 6.
5
Suppose 2*g = 200 + 76. Suppose 13*b - g = 7*b. Calculate the remainder when b is divided by 6.
5
Let w(o) = -o + 9. Let k be w(7). Suppose -1 - 41 = j - 3*l, 0 = -3*j + k*l - 91. Let h = -24 - j. Calculate the remainder when 6 is divided by h.
0
Suppose 906*o - 899*o - 2422 = 0. Calculate the remainder when o is divided by 170.
6
Let b be (0 - 4/1)*(-334)/(-4). Let q = -180 - b. What is the remainder when q is divided by 39?
37
Suppose 4*c - 24 = 2*c. Suppose -4*r - 1915 = -9*r. What is the remainder when r/11 - ((-140)/44 - -3) is divided by c?
11
Suppose -4*h = 0, 5*l - h - 16055 = -5*h. Calculate the remainder when l is divided by 146.
145
Suppose 31 - 652 = -3*t. Calculate the remainder when t is divided by 72.
63
What is the remainder when 139 is divided by (-12)/(-21) - (-30)/35*11?
9
Let v = -76 + 147. Calculate the remainder when 75 is divided by v.
4
Suppose -2*s + 85 = 5*q, q - 4*q + 2*s + 35 = 0. Calculate the remainder when 149 is divided by q.
14
Let m(h) = -7*h - 5 - h**2 + 2*h**2 + 1 + 0*h**2. What is the remainder when 1*(-30)/(-2) + -1 is divided by m(8)?
2
Let l = -17 + 22. Suppose l*i - 81 = -3*a, -2*i = 3*i + 15. Calculate the remainder when 95 is divided by a.
31
Suppose -44*k = -15*k - 3103. Calculate the remainder when k is divided by 47.
13
Calculate the remainder when (-3 + 1)*7/((-7)/712) is divided by 12.
8
Let p = -24 + 41. Let y(b) = -5*b - 13. Let u(z) = 2*z + 7. Let m(g) = -9*u(g) - 4*y(g). What is the remainder when p is divided by m(10)?
8
Suppose 3*c - 3*p = -55 + 415, -c = 3*p - 112. What is the remainder when c is divided by 8?
6
Let l(q) = -q**3 + 6*q**2 - q + 1. Let b = 40 + -37. What is the remainder when l(b) is divided by 7?
4
Let v(a) = 9*a**2 - 8*a - 158. What is the remainder when v(-8) is divided by 41?
31
Let t(s) = -3*s**2 + 2*s**2 + 3*s**2 + 12*s + 7. Let n = 48 - 24. Calculate the remainder when n is divided by t(-6).
3
Let f = -22 - -33. Let r = 39 + -38. Suppose 0 = -5*i - 0*z + z + 129, z = r. Calculate the remainder when i is divided by f.
4
Let o = 14 - 14. Let d(l) = -2*l + 13. Calculate the remainder when ((-24)/14)/((-1)/21) is divided by d(o).
10
Suppose 5*d + 16 = 366. Calculate the remainder when d is divide